5 = f, f + 3 = 0. Let h = 25 - k. Let g be ((-180)/14)/(-5)*14. What is the highest common factor of h and g?
9
Let j(z) = -7*z - 201. Let y be j(-29). What is the highest common divisor of 10 and y?
2
Suppose -1008 = -63*l + 54*l. Calculate the highest common divisor of l and 14.
14
Let t(a) = -54*a - 198. Let i be t(-5). Calculate the greatest common divisor of i and 63.
9
Let v(y) = y**3 - 5*y**2 - 6*y + 46. Let b be v(6). Suppose 0 = -4*x + 549 + 739. Calculate the greatest common divisor of b and x.
46
Let b(l) = 15*l**2 - 2*l + 2. Let o be b(1). Let h(j) = j**3 - 4*j**2 + 3*j + 5. Let g be h(5). What is the highest common divisor of g and o?
15
Suppose 35*b + 19*b - 1296 = 0. Calculate the greatest common divisor of b and 1680.
24
Let b = -32 - -46. Let t be 33/(-110) - 6/(-10)*(-189)/(-18). Calculate the greatest common factor of b and t.
2
Let x be (1*(-5 - -7))/((-4)/(-142)). What is the greatest common divisor of 781 and x?
71
Let a = 226 - 114. Calculate the greatest common divisor of 64 and a.
16
Suppose c = -3*k + 35, -2*c + 3*k + 32 = 7. Let v be ((-1)/(-1))/((-3)/(-9)). Suppose -250 = -8*a + v*a. What is the highest common factor of c and a?
10
Let b = -165 + 174. Let c(m) = 2*m**2 - m + 2. Let t be c(-2). What is the highest common divisor of b and t?
3
Suppose -w = 17 - 19. Suppose 4*m - 10 = -w. What is the highest common factor of 18 and m?
2
Let l(a) = 4*a**2 + 4. Let r be l(-2). Suppose -3*p + 2*q = -r, -4 + 0 = 4*q. Suppose p*i - 27 = 3*i. Calculate the highest common divisor of i and 81.
9
Let u = 587 - 472. Calculate the greatest common divisor of 92 and u.
23
Let v = 193 - 102. Let n = 50 + -54. Let d be -1*n/10 - (-945)/75. What is the highest common factor of d and v?
13
Suppose 6*l + 11 = -1. Let q be (l/5)/(8/(-840)). What is the highest common divisor of q and 28?
14
Suppose -4*h - 4 = -2*p, 0 = 4*p - 4*h + 10 - 30. Calculate the highest common factor of p and 824.
8
Let r be (6/4)/((-6)/(-8)). Suppose -5 = -t - r. What is the greatest common factor of t and 1?
1
Let h(l) = 3*l**3 - 12*l**2 + 21*l + 24. Let y be h(7). Calculate the highest common factor of y and 72.
36
Let s(w) = 17*w + 42. Let g be s(14). What is the highest common divisor of 24 and g?
8
Let s be 503/3 - (-5)/(45/12). What is the greatest common factor of s and 26?
13
Suppose -2*v - 318 = -4*y, 4*v - 200 + 46 = -2*y. Calculate the highest common factor of y and 1501.
79
Suppose 4*r + 3*g = 9*r - 70, -20 = -4*g. Suppose -3*y + 2*w + 479 = -2*w, y - 163 = 2*w. What is the greatest common divisor of y and r?
17
Let y(n) = -11*n - 5. Let o(d) = 2*d + 1. Let i(s) = 34*o(s) + 6*y(s). Let t be i(15). What is the highest common divisor of 85 and t?
17
Suppose 0 = 5*a - 242 - 33. Let o = -11 + 15. Suppose -3*y + 3*j + 18 = 0, 5*y - o*j - 75 = -8*j. What is the greatest common divisor of y and a?
11
Suppose -54*u - 2*u = -5544. Let y be 130/14 + (-4)/14. What is the greatest common divisor of u and y?
9
Let g(z) = -z**2 - 5*z + 1. Let t be g(8). Let v = -73 - t. Calculate the highest common factor of 150 and v.
30
Let b be (-150)/(-40) + 6/(-8). Suppose -b*f = 4*w - 154, -2*w = -f + 3*f - 100. Calculate the highest common factor of 23 and f.
23
Let x = -17 - -24. Suppose c - 5*p = 5*c + 2, 3*c + p + x = 0. Let w be (-3 - 8*-6) + c. What is the greatest common divisor of w and 21?
21
Suppose g + 220 = 226. Calculate the greatest common divisor of 147 and g.
3
Let f(p) = p**3 + 15*p**2 + 23. Let r be f(-15). What is the greatest common divisor of r and 69?
23
Let u be 12*(-1)/(-28) - (-1448)/(-14). Let o = -97 - u. What is the highest common factor of o and 30?
6
Suppose -8*q + 47 - 39 = 0. Let p be (0/2 - -5)*1. Suppose k - 27 = p*w, -w = 4*k - q - 23. Calculate the greatest common factor of k and 7.
7
Let v(q) = -q**3 + 3*q**2 - 2*q. Let p be v(2). Let r = p + 14. Let c be -4 + (1012/55)/(4/10). What is the highest common divisor of r and c?
14
Let a(j) = -18*j**2 + 5*j - 16. Let m be a(5). Let x = -297 - m. What is the greatest common factor of x and 18?
18
Let t be ((-8)/5 - -2) + (-17968)/(-80). Calculate the greatest common factor of 180 and t.
45
Let p be 31/2 - (1 + 6)/14. Let j = 524 - 374. What is the greatest common divisor of j and p?
15
Let f(v) be the first derivative of -1/3*v**3 + 5/2*v**2 - 9 + v. Let q be f(4). Calculate the greatest common factor of q and 1.
1
Suppose 0 = -h - 6*f + 8*f + 255, -4*h + 1070 = 2*f. Calculate the greatest common factor of h and 53.
53
Let t(a) = -6*a**3 - 3*a**2 - a + 2. Let u be t(-2). What is the greatest common factor of u and 220?
20
Let p(k) = k**2 + 33*k - 68. Let c be p(-36). What is the highest common divisor of c and 90?
10
Let p = -56 + 60. Suppose -30 = -2*f + 4*k, 0 = p*f - 2*k - 18 - 12. Let t(a) = -a**2 + 6*a + 1. Let x be t(6). What is the highest common factor of f and x?
1
Let s(c) = c**3 + 11*c**2 + 17*c - 8. Let p be s(-9). Let i(z) = 3*z. Let n be i(p). Calculate the greatest common divisor of n and 3.
3
Let c(i) = -19*i**3 + 2*i**2 - i - 2. Let z be c(-1). Calculate the greatest common factor of 60 and z.
20
Let m(f) be the second derivative of f**3/6 + 7*f**2 + 11*f. Let b be m(6). Calculate the highest common divisor of 10 and b.
10
Suppose -h + 0 = -5*f + 19, -h + 4*f = 14. Suppose 2*d + 5*q - 45 = 0, d - q - 6 = 2*q. What is the greatest common factor of h and d?
3
Let r = 38 - 7. Suppose 4*t + 6 = -2*l, 4*t = 8*t - 3*l + r. Let c be ((-2)/(-4))/(t/(-160)). Calculate the highest common factor of 4 and c.
4
Let p = 200 + 16. Suppose -2*c - c = -p. What is the highest common factor of 9 and c?
9
Let t be (6 + -7)/((-2)/60). Suppose 2*j - j = t. Let c be 3/2 + 21/2. What is the highest common factor of c and j?
6
Let m(h) be the first derivative of 10*h**3/3 + 7*h**2/2 - 24*h - 13. Let g be m(6). What is the highest common divisor of g and 54?
54
Let g(q) = q**3 + 22*q**2 - 26*q + 5. Let d be g(-23). Suppose -d = -4*n - 14. What is the greatest common divisor of 75 and n?
15
Let g(j) = -13*j + 21. Let y be g(-3). Calculate the highest common factor of 45 and y.
15
Let n(o) = -55*o**3 - 1. Let z be n(-2). Let c = z + -298. Suppose 2*s - 114 = -4*l + 4*s, 5*l - c = 2*s. Calculate the highest common divisor of l and 27.
27
Suppose -16*l = -5*l - 330. What is the highest common divisor of l and 360?
30
Suppose 442 = -4*j + 1274. Let q = j + -148. Calculate the highest common divisor of q and 12.
12
Let j = 8 + -3. Let i be (-2 - -72)*1 - 5. What is the highest common factor of j and i?
5
Suppose 5*c + 3*r - 23 = 12, 4*r = 5*c. Suppose -c*i = 12 - 60. Let d be i + 4/(-2) + 0. Calculate the greatest common factor of 30 and d.
10
Let n = -435 + 459. Suppose -4*y = -y + 213. Let r = y - -143. Calculate the greatest common divisor of n and r.
24
Let x = -815 + 919. What is the highest common factor of x and 390?
26
Let d = -23 + 28. Suppose 5*a - q + d*q - 22 = 0, -14 = -a + 4*q. What is the greatest common divisor of 18 and a?
6
Let g = 11 + -7. Suppose g*j - 8*j = -52. Suppose 65 = 7*i - 2*i. Calculate the highest common divisor of j and i.
13
Suppose -2*n + 3*k + 68 = 0, 3*k - 128 = -4*n - n. Suppose -3*c - 2*q = -21 - 15, 0 = 5*c + 3*q - 61. What is the greatest common divisor of n and c?
14
Suppose 0 = r, 4*p - 8424 = -r - 4*r. Calculate the greatest common divisor of p and 78.
78
Let v be (-24)/(-6)*54/12. What is the greatest common divisor of 30 and v?
6
Suppose 0 = -5*j + 82 + 88. Let z = j + 74. What is the highest common factor of 12 and z?
12
Suppose 5*u + 18 = -y - 15, 0 = -3*u + y - 15. Let h be (-1 + 3)*(u + 45/6). Calculate the greatest common factor of 33 and h.
3
Let k(c) be the second derivative of 1/4*c**4 + 0 - 3*c + 2/3*c**3 - 5/2*c**2. Let m be k(-5). Calculate the highest common factor of m and 25.
25
Suppose 3*y - 6 = n, -2*y - 3*n = -3*y - 6. Let q be (-20)/(-16)*(1 + y). Let j be ((0 - -1) + 0)*5. What is the highest common divisor of j and q?
5
Let h = 2 + 7. Suppose -792 = -3*p + p. Suppose -p = -3*q - q. Calculate the highest common factor of h and q.
9
Suppose -u + 10 = -2*v + 45, -2*u - 4*v - 30 = 0. Let t be 2 + (-2 - u/1). Let h = -664 - -669. What is the greatest common divisor of h and t?
5
Let z(t) = -20*t + 33. Let n be z(8). Let p = 159 + n. Calculate th